{"id":200,"date":"2015-12-15T02:58:20","date_gmt":"2015-12-15T02:58:20","guid":{"rendered":"https:\/\/petdireito.ufpr.br\/?page_id=200"},"modified":"2015-12-15T12:22:25","modified_gmt":"2015-12-15T12:22:25","slug":"anais-da-xvii-jornada-de-iniciacao-cientifica-vol-1-n-6-curitiba-2015","status":"publish","type":"page","link":"https:\/\/petdireito.ufpr.br\/index.php\/anais-da-xvii-jornada-de-iniciacao-cientifica-vol-1-n-6-curitiba-2015\/","title":{"rendered":"Anais da XVII Jornada de Inicia\u00e7\u00e3o Cient\u00edfica. Vol. 1, n. 6. Curitiba, 2015"},"content":{"rendered":"<hr \/>\n<p><strong>Editores:\u00a0<\/strong><a href=\"http:\/\/lattes.cnpq.br\/3516686629894427\" target=\"_blank\">Milton Wagner da Silva<\/a>\u00a0e <a href=\"http:\/\/lattes.cnpq.br\/3401316643174616\" target=\"_blank\">Alice Padilha de Carvalho<\/a><\/p>\n<hr \/>\n<p><strong>Tutora do Grupo PET\/Direito: <\/strong><a href=\"http:\/\/lattes.cnpq.br\/7098767645536830\" target=\"_blank\">Eneida Desiree Salgado<\/a><\/p>\n<hr \/>\n<p><strong>Organiza\u00e7\u00e3o: <\/strong>Grupo PET\/Direito<\/p>\n<hr \/>\n<p><strong>Apresenta\u00e7\u00e3o:<\/strong><\/p>\n<p style=\"text-align: justify;\">Em 2015, o PET\/ Direito organizou a XVII Jornada de Inicia\u00e7\u00e3o Cient\u00edfica, que ocorreu no dia 08 de outubro, na Sala da Mem\u00f3ria, no pr\u00e9dio hist\u00f3rico da Universidade Federal do Paran\u00e1. Foram apresentados e avaliados 16 artigos, os 07 primeiros classificados constam nesta publica\u00e7\u00e3o em sua vers\u00e3o integral.<\/p>\n<p style=\"text-align: justify;\">Neste ano, a banca foi composta pelos professores\u00a0Dr.\u00ba Francisco de Assis do Rego Monteiro Rocha Jr. e Dr.\u00ba Ricardo Prestes Pazello, pelo\u00a0Doutorando Jud\u00e1 Le\u00e3o Lobo e pelo\u00a0Mestrando Renato Almeida Freitas Jr.<\/p>\n<p style=\"text-align: justify;\"><a href=\"https:\/\/petdireito.ufpr.br\/wp-content\/uploads\/2015\/12\/Edital-Jornada.pdf\" target=\"_blank\">Edital<\/a><\/p>\n<hr \/>\n<p><strong>Banca: <\/strong><a href=\"http:\/\/lattes.cnpq.br\/9457945336008870\" target=\"_blank\">Francisco de Assis do Rego Monteiro Rocha Jr.<\/a>, \u00a0<a href=\"http:\/\/lattes.cnpq.br\/2619494963142093\" target=\"_blank\">Jud\u00e1 Le\u00e3o Lobo<\/a>, <a href=\"http:\/\/lattes.cnpq.br\/5661254889261308\" target=\"_blank\">Renato Almeida Freitas Jr<\/a> e <a href=\"http:\/\/lattes.cnpq.br\/2753053001101053\" target=\"_blank\">Ricardo Prestes Pazello<\/a>.<\/p>\n<hr \/>\n<p><strong><a href=\"https:\/\/petdireito.ufpr.br\/wp-content\/uploads\/2015\/12\/PREF\u00c1CIO.pdf\" target=\"_blank\">Pref\u00e1cio pela Tutora Dr.\u00aa Eneida Desiree Salgado<\/a>\u00a0<\/strong>(p. 1)<\/p>\n<hr \/>\n<p><strong>Artigos publicados:<\/strong><\/p>\n<hr \/>\n<p><strong>1 \u00ba Colocado: <a href=\"https:\/\/petdireito.ufpr.br\/index.php\/601-1\/\" target=\"_blank\">O prometeu &#8220;p\u00f3s-moderno&#8221;: sobre desenvolvimento, riscos e responsabilidade civil do fornecedor<\/a><\/strong><strong>\u00a0<\/strong>(p.2-25)\u00a0por <a href=\"http:\/\/lattes.cnpq.br\/4047966585717353\" target=\"_blank\">Luiz Augusto da Silva<\/a>.<\/p>\n<hr \/>\n<p><strong>2 \u00b0 Colocado:\u00a0<a href=\"https:\/\/petdireito.ufpr.br\/index.php\/601-2\/\" target=\"_blank\">Brilho eterno de um passado sem lembran\u00e7a: reminisc\u00eancias sobre o direito ao esquecimento e suas consequ\u00eancias na liberdade de express\u00e3o<\/a> <\/strong>(p.26-50)\u00a0por <a href=\"http:\/\/lattes.cnpq.br\/3516686629894427\" target=\"_blank\">Milton Wagner da Silva<\/a>.<\/p>\n<hr \/>\n<p><strong>3 \u00aa Colocada:\u00a0<a href=\"https:\/\/petdireito.ufpr.br\/index.php\/601-3\/\" target=\"_blank\">A (n\u00e3o) cidadania dos marginalizados: uma an\u00e1lise a partir da Revolta da Chibata<\/a><\/strong><strong>\u00a0<\/strong>(p.51-70)\u00a0por <a href=\"http:\/\/lattes.cnpq.br\/9751550314762427\" target=\"_blank\">Mariana Silvino Paris<\/a>.<\/p>\n<hr \/>\n<p><strong>4\u00ba Colocado:\u00a0<\/strong><a href=\"https:\/\/petdireito.ufpr.br\/index.php\/601-4\/\" target=\"_blank\"><strong> Desafios para uma tutela efetiva do consumidor contempor\u00e2neo: um breve panorama da problem\u00e1tica da repara\u00e7\u00e3o de danos <\/strong><\/a>(p.71-86)\u00a0por <a href=\"http:\/\/lattes.cnpq.br\/2035356685587658\" target=\"_blank\">Nicolas Fassbinder<\/a>.<\/p>\n<hr \/>\n<p><strong>5 \u00ba Colocado: <a href=\"https:\/\/petdireito.ufpr.br\/index.php\/601-5\/\" target=\"_blank\">Democratiza\u00e7\u00e3o da administra\u00e7\u00e3o p\u00fablica indireta: descentraliza\u00e7\u00e3o democr\u00e1tica, autonomia e gest\u00e3o societal <\/a><\/strong>(p.87-110)\u00a0por <a href=\"http:\/\/lattes.cnpq.br\/9323785256025885\" target=\"_blank\">Raphael Parzianello Portelinha<\/a>.<\/p>\n<hr \/>\n<p><strong>6 \u00ba Colocado: <a href=\"https:\/\/petdireito.ufpr.br\/index.php\/601-6\/\" target=\"_blank\">Discurso, poder e a criminaliza\u00e7\u00e3o das &#8220;drogas&#8221; no Brasil: uma interface entre as pr\u00e1ticas discursivas e suas consequ\u00eancias criminol\u00f3gicas<\/a><\/strong><strong>\u00a0<\/strong>(p.111-136)\u00a0por <a href=\"http:\/\/lattes.cnpq.br\/9779312124141238\" target=\"_blank\">Guilherme Pegoretti<\/a>.<\/p>\n<hr \/>\n<p><strong>7 \u00b0 Colocado: <a href=\"https:\/\/petdireito.ufpr.br\/index.php\/601-7\/\" target=\"_blank\">\u00c9tica e pris\u00e3o sob os primas dos utilitarismos cl\u00e1ssico e contempor\u00e2neo<\/a><\/strong><strong>\u00a0<\/strong>(p.137-153)\u00a0por <a href=\"http:\/\/lattes.cnpq.br\/0896023259231192\" target=\"_blank\">Gerson Luis de Almeida Lobo<\/a>.<\/p>\n<hr \/>\n<p><strong>Resumos:<\/strong><\/p>\n<p><a href=\"https:\/\/petdireito.ufpr.br\/index.php\/601-8\/\" target=\"_blank\">Auditoria da d\u00edvida: decis\u00e3o pol\u00edtica ou dever jur\u00eddico?<\/a> (p. 154) por <a href=\"http:\/\/lattes.cnpq.br\/3223165300173196\" target=\"_blank\">Cassiano Gomes Zimmerman<\/a> e <a href=\"http:\/\/lattes.cnpq.br\/0131797804667339\" target=\"_blank\">Klaus Almeida Struecker<\/a>.<\/p>\n<p><a href=\"https:\/\/petdireito.ufpr.br\/index.php\/601-9\/\" target=\"_blank\">Danos morais e fun\u00e7\u00e3o punitiva<\/a>\u00a0(p. 155) por <a href=\"http:\/\/lattes.cnpq.br\/2770299312396840\" target=\"_blank\">Marcos Augusto Bernardes Bonfim<\/a>.<\/p>\n<p><a href=\"https:\/\/petdireito.ufpr.br\/index.php\/601-10\/\" target=\"_blank\">O regime jur\u00eddico dos profissionais participantes do Programa Projeto Mais M\u00e9dicos para o Brasil<\/a> (p. 156) por\u00a0<a href=\"http:\/\/lattes.cnpq.br\/4112846450969984\" target=\"_blank\">Maria Clara Dias Abboud Hanna<\/a><\/p>\n<p><a href=\"https:\/\/petdireito.ufpr.br\/index.php\/601-11\/\" target=\"_blank\">O potencial participativo das audi\u00eancias p\u00fablicas do Supremo Tribunal Federal<\/a> (p. 157) por\u00a0<a href=\"http:\/\/lattes.cnpq.br\/4510508631682393\" target=\"_blank\">Let\u00edcia Garcia Romero<\/a><\/p>\n<p><a href=\"https:\/\/petdireito.ufpr.br\/index.php\/601-12\/\" target=\"_blank\">Criminaliza\u00e7\u00f5es identit\u00e1rias<\/a> (p. 158) por\u00a0<a href=\"http:\/\/lattes.cnpq.br\/4056918047532286\" target=\"_blank\">Lucas Pantarolo Vaz<\/a>.<\/p>\n<p><a href=\"https:\/\/petdireito.ufpr.br\/index.php\/601-13\/\" target=\"_blank\">Mulheres aprisionadas e os reflexos familiares ap\u00f3s o c\u00e1rcere<\/a> (p. 159)\u00a0por\u00a0<a href=\"http:\/\/lattes.cnpq.br\/3401316643174616\" target=\"_blank\">Alice Padilha de Carvalho<\/a><\/p>\n","protected":false},"excerpt":{"rendered":"<p>Editores:\u00a0Milton Wagner da Silva\u00a0e Alice Padilha de Carvalho Tutora do Grupo PET\/Direito: Eneida Desiree Salgado Organiza\u00e7\u00e3o: Grupo PET\/Direito Apresenta\u00e7\u00e3o: Em 2015, o PET\/ Direito organizou a XVII Jornada de Inicia\u00e7\u00e3o Cient\u00edfica, que ocorreu no dia 08 de outubro,&#8230; <a class=\"read-more\" href=\"https:\/\/petdireito.ufpr.br\/index.php\/anais-da-xvii-jornada-de-iniciacao-cientifica-vol-1-n-6-curitiba-2015\/\">Read More<\/a><\/p>\n","protected":false},"author":1,"featured_media":0,"parent":0,"menu_order":0,"comment_status":"closed","ping_status":"open","template":"","meta":{"footnotes":""},"class_list":["post-200","page","type-page","status-publish","hentry"],"_links":{"self":[{"href":"https:\/\/petdireito.ufpr.br\/index.php\/wp-json\/wp\/v2\/pages\/200","targetHints":{"allow":["GET"]}}],"collection":[{"href":"https:\/\/petdireito.ufpr.br\/index.php\/wp-json\/wp\/v2\/pages"}],"about":[{"href":"https:\/\/petdireito.ufpr.br\/index.php\/wp-json\/wp\/v2\/types\/page"}],"author":[{"embeddable":true,"href":"https:\/\/petdireito.ufpr.br\/index.php\/wp-json\/wp\/v2\/users\/1"}],"replies":[{"embeddable":true,"href":"https:\/\/petdireito.ufpr.br\/index.php\/wp-json\/wp\/v2\/comments?post=200"}],"version-history":[{"count":7,"href":"https:\/\/petdireito.ufpr.br\/index.php\/wp-json\/wp\/v2\/pages\/200\/revisions"}],"predecessor-version":[{"id":282,"href":"https:\/\/petdireito.ufpr.br\/index.php\/wp-json\/wp\/v2\/pages\/200\/revisions\/282"}],"wp:attachment":[{"href":"https:\/\/petdireito.ufpr.br\/index.php\/wp-json\/wp\/v2\/media?parent=200"}],"curies":[{"name":"wp","href":"https:\/\/api.w.org\/{rel}","templated":true}]}}